-17 + 6 + (-6 - -23)?
6
Calculate 18 + -25 + 15 - 3.
5
Evaluate 1 + (1 - -1) + (-27 - -5).
-19
7 + 9 + (-9 + 8 - 12)
3
Evaluate -7 - (-30 - -5) - 0.
18
What is (12 - -8) + -11 + -1?
8
Evaluate 5 - (-7 - -15 - (-17 - -1)).
-19
(9 - 17) + -35 - -4 - -15
-24
Evaluate -18 + -3 + 33 + (4 - 5).
11
What is 9 + (-12 - (-12 + 6)) - 17?
-14
Calculate -42 + (25 - 27 - -33).
-11
(0 + -6 - -3) + 11 - (26 + -3)
-15
What is 14 - 0 - (72 + 24 + -82)?
0
Evaluate -2 + 10 + -14 - 6.
-12
What is the value of (0 - 20) + 10 + -7 + 6?
-11
Calculate -162 + 136 - (3 + -5 - (-1 + 2)).
-23
Calculate (-10 - -22) + -10 + (-1 - 1) + 3.
3
82 + -92 - (2 - 1)
-11
Calculate -3 + 9 + (3 - (6 - -2)) + 0.
1
Evaluate 1 - 5 - (-6 - (9 - (-10 - -5))).
16
What is 7 - -27 - (19 - -24)?
-9
What is -17 + -20 + 41 - (0 + (7 - 2))?
-1
Evaluate 3 + 23 + 419 + -417.
28
What is 2 + 4 + -1 + -4 - (-38 + 27)?
12
Evaluate -1 + -28 - ((16 + -14 - 27) + 14).
-18
What is the value of 3 + 3 - 12 - (13 - 6)?
-13
Calculate (43 - 61) + (28 - 4).
6
What is the value of -21 + 0 + 1 - (-15 - -48 - 33)?
-20
Evaluate 1 + (0 - (-9 - -5)) + -28.
-23
Calculate ((-13 - 2) + -1 - -3) + 41.
28
What is 84 - 87 - (26 - -2)?
-31
What is (-2 - -5) + 0 + -2 + 6 + -16?
-9
What is -12 + 12 + -9 - (-1 + 1)?
-9
What is 1 + 5 + (5 - -3 - 12) + 2?
4
Calculate -8 - (1 + 1) - -24.
14
What is 6 - (-1 + -9 + (28 - (-14 + -1)))?
-27
Evaluate 2 + 14 + 5 + -11.
10
Calculate 1 + (-18 - -22) + (0 - 5).
0
Calculate (5 - -1 - -2) + (-152 - -148).
4
What is the value of -10 + 8 + (-4 - -8) + -2?
0
(-36 + (6 - 0) - -5) + 0 - -6
-19
What is 5 - 29 - ((-6 - -16) + -5)?
-29
What is 5 + -31 + (12 - -2)?
-12
Calculate 6 + -1 - (29 + -35) - 11.
0
Evaluate (-2 - -1) + -3 - (-42 + (23 - -9)).
6
What is 4 - (29 - (22 - (-5 + 10)))?
-8
What is (-5 - -3) + (10 - -1) - 8?
1
13 + -13 + (-18 - (20 - 4))
-34
Evaluate 21 + (2 - 3) - (-128 - -132).
16
What is -2 - -33 - (320 - 304)?
15
Evaluate -5 - (5 + -6 + 6 + 5).
-15
What is 1 - (15 + (-53 - -56 - (9 - 1)))?
-9
Calculate (5 - 0) + (-3 - (7 - 9)) - -9.
13
Calculate (3 + -6 - -3) + 0 + 0.
0
What is (-9 - (-1 + (-5 - -5))) + 2 + 13?
7
Evaluate 6 + ((-2 - (-5 - -9)) + 2 - 8).
-6
Calculate -5 + 1 + (-24 - -34 - 21).
-15
Evaluate (1 - -12) + (113 - 125).
1
Calculate 1 + 5 + -30 + (29 + -12 - 6).
-13
What is the value of -7 - ((8 - 1) + -21)?
7
Calculate 5 - (0 - -1) - (-195 - -198).
1
Evaluate (-6 - -11) + (-1 - 12).
-8
-5 - (-4 - 0 - (-16 - (-11 + 9)))
-15
What is the value of (61 - 49) + (4 - 0)?
16
5 + 0 + (-1 - -6 - 13) - 10
-13
What is the value of (16 - -4 - 8 - 4 - -7) + -1?
14
Evaluate 0 - (2 - 11) - 1 - 7.
1
What is the value of -4 + 13 + (5 - 26) + 9?
-3
Calculate (1 - 18) + 499 + -463.
19
What is -11 + (38 - (32 + -13))?
8
What is the value of 10 + -6 + -30 + 7?
-19
Evaluate (-2 - -2) + 13 + -37.
-24
Calculate (22 - (3 - (11 + -17))) + -10.
3
Evaluate 0 + 22 - (0 - (-2 - 26 - -18)).
12
-1 + -41 - (-50 + 51 - 16)
-27
What is the value of -6 + (11 - (-13 - -16))?
2
What is (1 - 13) + -13 + 18 - (-26 - -10)?
9
Calculate (-15 - -16) + 1 + -10.
-8
What is 0 + -7 - (-106 - -107)?
-8
What is the value of (2 + -7 - (0 + 1)) + 17 + -25?
-14
Evaluate -25 - (-16 - 22 - 8).
21
What is (1 - 16) + 59 + -13 + 0?
31
What is -2 - ((-4 - -13) + -6 - 7)?
2
Calculate (-2 - -7) + -12 + 4 + -11.
-14
What is (0 - -2) + (7 - 0) + (31 - 26)?
14
What is -784 + 812 - (-1 + 27)?
2
Calculate (3 - (-1 - -3)) + 9 + -12 + 8.
6
What is the value of -17 + 14 + 17 + -26 + 18?
6
Evaluate (1 - -15) + -257 + 254.
13
What is -12 - (-23 - 25 - -19)?
17
What is -14 - (-7 + 23 - 43)?
13
What is (10 - 8) + 13 - (-4 - -4)?
15
Evaluate 20 - 14 - (3 + 6).
-3
Calculate (1 - -1) + 27 + -25 + -1 + -17.
-14
(-9 - (-34 - -25)) + 0 + 15
15
What is the value of (-7 - 1) + (18 - 4) - 1?
5
What is (-42 + 27 - -22) + (-3 - 0)?
4
11 - 1 - (34 - 23 - 11)
10
(2 - 22) + -34 + 46 + -8
-16
What is the value of (-47 - -44) + 7 + 0 - 32 - -5?
-23
Evaluate -4 + -1 + 2 - (-103 - -105).
-5
What is -1 + 11 + 5 + -14 + 0 + -2?
-1
(-1 - (-3 - -18 - 34)) + -9
9
Evaluate (7 - 0 - (-94 + 93)) + (-3 - 15).
-10
What is the value of -2 + (-6 + -5 - (-31 - -28))?
-10
(-44 - (-8 - -10)) + 39
-7
What is -4 + (0 - 2) - (-5 + -1) - -4?
4
What is the value of 16 - -19 - (45 - 1)?
-9
What is -3 + -41 + 2 + -18 + 28?
-32
Calculate 33 + -24 + -18 - -8.
-1
What is the value of 0 - (-14 + (4 - (-5 + 11 + -2)))?
14
What is -3 + 2 - (0 + -6 - (-60 - -52))?
-3
(23 - (28 - 16)) + -9 + (0 - -2)
4
What is the value of (0 - -1) + (1 - 10) + -7 + 1?
-14
What is the value of 1 + (-9 - ((7 - 5) + -7))?
-3
Evaluate 7 + (21 - 21) + (2 - 22).
-13
Evaluate -6 + (-2 - -3) + (-13 - 9).
-27
Evaluate 0 - 15 - (-28 - -16).
-3
6 - ((9 - -12) + -7)
-8
Calculate (-2 - -33) + (0 - 18) + -37.
-24
0 - 4 - (-13 + 38 + -22)
-7
17 + (-6 - (-19 + 18)) + -19
-7
Calculate 0 + (-15 + 10 - (-14 - -1) - 20).
-12
Calculate 3 + (3 - 3 - -2) + -5.
0
What is the value of (-3 - 9) + 13 + -1 + -5?
-5
What is the value of 0 - (6 + 6) - -26?
14
What is -4 + 14 + (-15 - 7)?
-12
Evaluate 10 + -5 + -8 + 5 + (3 - -2).
7
What is 27 - (32 - -2) - (5 - -2)?
-14
Calculate (-39 - (15 + (-25 - -5))) + 11.
-23
What is the value of -12 + -8 + (7 - (6 - (7 - 2)))?
-14
What is the value of 6 + -8 - -6 - (3 - (-6 - -11))?
6
What is -25 - ((23 - 29) + -38)?
19
Evaluate (-2 + -7 - -3 - -7 - 7) + -6.
-12
What is the value of (6 - (4 + -1)) + (0 - 2 - 7)?
-6
Calculate -2 - (0 + -1) - (-1140 + 1131).
8
What is 1 + 2 - 1 - (3 - 2)?
1
Calculate -1 + (-1 - 10 - (-1 - 4)).
-7
Evaluate 1 + -4 + 3 + -5 + 6 - 14.
-13
Evaluate (-37 - (18 - 25)) + 31.
1
Calculate (6 - (3 + (6 - -3))) + 6 - 20.
-20
20 - 25 - (3 + (2 - 0))
-10
What is -15 + 0 + (3 - -3 - -2)?
-7
Calculate -6 - (-17 + (5 - -16)).
-10
-72 + 23 - -28 - ((-2 - -2) + -2)
-19
Calculate -7 + (1 - -6) - 2 - -9.
7
What is 3 - (11 + -10 + (1 - -3) + -2)?
0
4 + -4 - (10 - 6)
-4
Evaluate -7 + (8 - (-24 - -13)).
12
Calculate (-6 - (2 - 7)) + -2 + 4 - 24.
-23
Calculate (21 - 34 - -55) + -29.
13
What is the value of 34 - (-29 - -8 - -71)?
-16
What is the value of -1 + (1 - -8) + 3 + -7?
4
(7 - (-10 - -21)) + 15
11
What is the value of 6 + (-5 - 6) + -3 + 24?
16
What is -19 - (0 + (0 - -3) + -5)?
-17
What is -6 - 0 - (20 - 32 - (1 - 8))?
-1
Evaluate -5 - (-5 + 1) - 5.
-6
7 + (8 - (43 + -26))
-2
Calculate -16 - (-20 + 5) - (-18 + -1).
18
Evaluate 10 - (-6 + (1 - -5)).
10
What is the value of (0 - -1) + -17 - (-18 - (-42 - -18))?
-22
What is 24 + -13 + (-17 - -1)?
-5
Calculate (8 - 6) + (0 - -2) + -123 + 146.
27
1 + 1 - (-3 - -7) - (8 + -17)
7
What is 10 + -8 + -14 - -21?
9
What is the value of (-3 - (-1 + 12)) + 25 - -1?
12
What is the value of (-31 + 18 - -15) + -4?
-2
What is the value of 2 + 6 + -86 + 91 - 18?
-5
What is -4 + (-1 - (-11 + 10 - -5))?
-9
What is -7 - ((4 - 1) + -5 + 6)?
-11
Calculate 9 + (-14 - -2 - (-9 + 11 - 9)).
4
-4 - -19 - ((1 + -1 - 10) + 10)
15
Calculate -4 + -2 - ((-13 - -22) + -13).
-2
Calculate (-1 - (-3 - (0 - -4)) - 4) + 1.
3
Evaluate 12 - (-11 + 2 + 12 + 5).
4
Calculate -12 + -10 + 117 + -93.
2
(34 - (68 + -23)) + 0 + 12
1
17 - (-1 - -57 - (-461 - -476))
-24
(-2 - -36) + 432 + -452
14
What is (3 - 1) + (-1 + -5 - (4 + -18))?
10
Evaluate (9 + (-22 - 11) - -10) + 5.
-9
What is 12 + -10 + -2 + -16 + 0 + 19?
3
Evaluate (13 - 0) + (7 - 49 - -17).
-12
What is -20 - (-85 - -83 - (1 + (-7 - -2)))?
-22
What is the value of -7 - (5 + 3 + 12 + -12) - 2?
-17
Evaluate -11 + 1 + (7 + 2 - (-28 + 6)).
21
What is (-10 - (2 + 16 + -9)) + 1?
-18
What is -11 - (5 + (-7 - (-9 + 0)) + -10)?
-8
What is -7 + (25 - (16 - 8))?
10
What is the value of -58 + 35 - (3 + -7)?
-19
Evaluate (4 + 3 - 11) + (8 - 3).
1
What is -4 - (-11 + 15 + 1)?
-9
Calculate -10 - (-39 + 12) - 15.
2
What is the value of -7 + -9 - (1 + -22)?
5
Calculate 8 + (-8 - (-7 - -5 - -11) - -5).
-4
-29 + -24 + 32 + 5
-16
Calculate 13 - ((52 - 53) + (-7 - -1) + 4).
16
What is 6 + (1 - -5 - ((-1 - 4) + -5))?
22
What is 21 + -67 + (-66 - -91)?
-21
What is 38 - (23 - (27 - 32))?
10
Evaluate (2 + -2 - 0) + 4 - (-12 - -5).
11
Calculate (3 - -2) + -74 + 75.
6
What is 43 - (53 + -31) - -2?
23
Calculate 1 - ((0 - -13) + -62) - 9.
41
What is the value of (3 - (-4 + 11) - 1) + (-10 - -18)?
3
What is the value of 356 + -347 - (-1 - 1)?
1